econd derivative of -b**8/6720 + b**7/420 + b**5/30 + 5*b**4/12 - 2*b. Let w(r) be the third derivative of a(r). What is w(6)?
4
Let p(m) = 6*m**2 + m - 3. Let h(q) = -q**2 - q. Let r(u) = 5*h(u) + p(u). Let s(k) be the first derivative of r(k). Calculate s(4).
4
Let k(f) = f**2 + 4*f + 3. Let q be k(-3). Let p(g) = -3*g + 13. Let h(n) = 2*n - 9. Let u(r) = 7*h(r) + 5*p(r). What is u(q)?
2
Let r(y) be the third derivative of -y**5/60 - y**4/8 + 2*y**3/3 - y**2. Determine r(-4).
0
Let v(h) = h - 7. Suppose 0 = 2*l - z, l + 4*z = -4*l. Suppose 2*b = -2*s - 2, -b - 2*s = -l*s + 2. Calculate v(b).
-7
Suppose 0*r = 3*r - 3. Suppose 6 = d + r. Let g(j) = 1 + 6*j + j**3 + 6 - 1 + d*j**2. Calculate g(-4).
-2
Let w(m) = m**2 + 7*m + 4. Suppose 28 = -4*n + 4*i, -2*i - 2*i = 2*n + 8. Let y be w(n). Let c be (y + 2)/(2 + -3). Let x(f) = -f - 1. Determine x(c).
-1
Let j(k) = 4*k + 5. Let c(w) = 5*w + 5. Let b(o) = -5*c(o) + 6*j(o). Suppose 6 = 3*z - 12. Let p = -1 + z. Give b(p).
0
Let k(n) = 6*n - 6. Suppose 0 = 3*m + 2*g - 9 + 4, -2*g = -5*m + 35. What is k(m)?
24
Let z = -4 - -7. Let y(u) = u - 4. Give y(z).
-1
Let y(l) = -13 + 2*l + l**3 + 4 + 7. Give y(2).
10
Let x(l) = l**3 - 6*l**2 + 5*l - 4. Let p be x(5). Let s(o) = -3*o**2 + 7*o + 7. Let g(a) = a**2 - a - 1. Let r(h) = -4*g(h) - s(h). What is r(p)?
-7
Let y(r) = -7*r**3 - 8*r**2 + 8*r + 6. Let f(i) = 15*i**3 + 17*i**2 - 17*i - 13. Let n(s) = 6*f(s) + 13*y(s). Determine n(-3).
3
Let l(m) be the third derivative of -m**5/60 + m**4/12 - m**3/6 + 28*m**2. Calculate l(1).
0
Suppose 6*g = 3*g. Let v(a) = g*a + 0*a - a**2 + 4*a. Calculate v(5).
-5
Let r be (-13)/52 + 1/4. Let q(j) = j**2 + 19. Give q(r).
19
Let i(o) = o**2 + 33*o - 24*o - 2*o**2 - 4. Give i(7).
10
Let j(d) = 3*d**2 + d + 3. Let w(f) = -5*f**2 - f - 6. Let l(i) = 7*j(i) + 4*w(i). Calculate l(4).
25
Let d = 12 + -7. Suppose 3*x - d - 1 = 0. Suppose 2*h - x = -2*b, 0 = 2*b - 5*b + 3*h - 21. Let k(n) = -n**2 - 4*n - 1. Give k(b).
2
Let i(k) = -k**2 + 2*k + 1. Let u(g) = -g**3 + 6*g**2 - 3*g - 8. Let s be u(5). Determine i(s).
1
Let j(z) = -3*z + 0*z + 2*z**2 + 4 - 2*z. Suppose -12 = -q - v, -18 = -4*q + v + v. Let n be (-4)/8 - q/(-2). Give j(n).
7
Let a = 5 + 1. Let t = 9 - a. Let b(h) = 2*h**3 - 2 - 2*h**2 + 0 - h**3. Give b(t).
7
Let n(a) = -a**2 - 4*a. Let x(t) be the first derivative of -t**4/6 + 3*t**2/2 + 2. Let r(i) be the second derivative of x(i). Let j be r(1). Calculate n(j).
0
Let j(r) = 4*r + 1. Let i(n) = n. Let k(u) = 21*i(u) - 6*j(u). Suppose -4 = s, -4*c - s = 2*s + 28. Give k(c).
6
Suppose -14 + 4 = -5*u. Let a(k) = 5*k - 3*k**u + 0*k - 3*k - 1 - 3*k. Calculate a(-1).
-3
Let n(y) = 3. Let c(l) = -l + 1. Let q(o) = -6*c(o) + 2*n(o). Let h(k) = 5*k + 1. Let i(p) = -7*h(p) + 6*q(p). Give i(4).
-3
Let t be -1 + ((-15)/(-5))/3. Let y be (0/(-1) - 1)*-3. Let r(o) = o**3 - 2*o**y - 10 + 0*o**3 - o**2. Give r(t).
-10
Let y(z) = z + 9. Let d be y(-3). Let m(s) = 13*s - d - 25*s + 14*s. Give m(6).
6
Let w be 1 - 1/(2 - 1). Suppose u + u - 4 = w. Let f(v) = 17*v - 3. Let d(q) = -6*q + 1. Let k(z) = -11*d(z) - 4*f(z). Calculate k(u).
-3
Let h(z) be the first derivative of -z**4/4 + z**3 + z**2/2 + 4*z - 2. Let j be 32/5 - (-8)/(-20). Let w be (j/5)/(2/5). Give h(w).
7
Let u(b) = b + 4. Let v be ((-6)/(-9))/(4/18). Let s be 1/v + (-50)/15. Determine u(s).
1
Suppose 4*s - 12 = m, -2*s + 4 = 5*m - 2. Let z(b) = -3 - s + 3*b - 4*b**2 - 4*b - 4*b + b**3. Determine z(5).
-6
Let o(y) = 9*y**2 - 5*y + 3. Let q(l) = 5*l**2 - 3*l + 2. Suppose f + 51 = 4*s, -s - 11 + 29 = -2*f. Let w = s - 7. Let z(d) = w*q(d) - 3*o(d). Give z(2).
-7
Suppose 0 = 2*g + 5*w - 35, 4*g - 13 = -3*w + 22. Let t be (3/9)/((-2)/(-36)). Let c(p) = p**2 - t*p**2 - 3 - 5*p + 4*p**2 + 2*p**2. Calculate c(g).
-3
Let j(u) = 3*u**2 - 3*u + 2. Let q be j(1). Suppose -3*r + 18 = -2*t, 0 = 2*r - 2*t - q*t - 20. Let l(g) = -g**2 + 3*g + 5. What is l(r)?
1
Let i(y) = 11 - 15 - 3*y + 1. Suppose 4*m = w - 13, -w + 14 + 1 = -5*m. What is i(m)?
3
Let g(r) = -r**2 + 6*r + 1. Let w(o) = -5*o**2 + 31*o + 6. Let q(y) = 11*g(y) - 2*w(y). Let a be q(3). Let v be 1/a*(-12)/(-3). Let x(t) = 3*t + 2. Give x(v).
8
Let k(x) = -4*x + 1. Let o be 2 - (-2 - -4) - 4. Let v be 6/o*16/12. What is k(v)?
9
Suppose -2 = 4*s - 26. Let r(t) = -t**2 + t + 1. Let i(z) = z**3 - 13*z**2 + 13*z + 1. Let k(p) = -i(p) + 6*r(p). What is k(s)?
-1
Suppose 4*p - 4*j - 16 = 0, j = 4*p + 2*j - 26. Let r(b) = -2*b - 1 - 2*b + p*b. Let s(n) = -n**3 - 6*n**2 + n + 3. Let a be s(-6). What is r(a)?
-7
Let k(a) be the third derivative of a**6/120 - 2*a**5/15 + a**4/3 + a**3/6 + 5*a**2. Determine k(7).
8
Let q = 8 + -13. Let p = 7 + q. Let v(r) = r**2 - p - 3*r - 1 + 2*r. Calculate v(0).
-3
Let v(n) be the second derivative of -3*n**5/10 - n**3/6 + n. Let t = 6 + -5. Suppose 5*r + 4 + t = 0. What is v(r)?
7
Let t = 14 - 26. Let b = 17 + t. Let m(o) be the third derivative of -o**6/120 + o**5/15 + o**4/6 + 5*o**3/6 + 6*o**2 + 4*o. What is m(b)?
0
Let r = 10 + -5. Suppose 0*o + 3*o + 3 = 5*x, -2*o - 2 = 0. Let s(t) = 4*t + 6 + x*t - r*t. Calculate s(5).
1
Let c(o) = o**2 - o - 1. Let i(a) = 5*a**2 - 8*a - 10. Let r(j) = 4*c(j) - i(j). Let h be 6/((1 + -2)*-1). Determine r(h).
-6
Let m(x) = 4*x + 9. Let a(b) = -2*b - 5. Suppose v + 25 = -4*d - d, v = 0. Let f(q) = d*a(q) - 2*m(q). Calculate f(-6).
-5
Let a(d) = -1 - 1 - d**2 - 2 - 3*d - 2*d. Let g be 1/(13/(-4) + 3). Let l = 0 + g. Give a(l).
0
Let q(h) = -h + 2. Let c(a) = -a**3 + 5*a**2 - 4*a + 6. Let v be c(4). Let s = -1 + v. What is q(s)?
-3
Let s(h) = -3*h + 2. Let o(q) = q - 1. Let i(z) = 12*o(z) + 3*s(z). Suppose -k + 20 = 4*k. Calculate i(k).
6
Let b = -10 + 12. Let a be (5/b)/((-3)/(-6)). Let u(q) = q - 1. Let g(c) = -2*c + 5. Let r(s) = -g(s) - 3*u(s). Determine r(a).
-7
Let q(s) = s**3 - 8*s**2 + s + 4. Let d be q(8). Suppose -2*f - 2*f - d = 0. Let x(j) = 0*j + 4 + 2*j + 2*j. Determine x(f).
-8
Suppose 2*h - 5 = -3*q + 6*q, q = 4*h - 15. Suppose -3 = 4*g + q. Let m(o) = -5*o**3 - o. Give m(g).
6
Let o(f) = f**2 - 1. Let g(i) = -i**3 - 5*i**2 - i. Suppose 5*c + 13 = -12. Let k be g(c). Suppose k = -2*t - 1. What is o(t)?
8
Let l(w) = 5*w**2 - 4*w**2 + 0*w + 4*w + 8 - 3*w. Give l(0).
8
Let a(c) = c**3 + 12*c**2 + 13*c + 18. Let j be a(-11). Let k(n) = -2*n**2 - 3*n + 4. What is k(j)?
-16
Suppose 5*g - 5*b - 22 = g, -4*g + 18 = -3*b. Let f(a) = 9 - g + 12*a**2 + a**3 - 16*a**2 - 6*a. What is f(5)?
1
Let y(d) be the first derivative of 3*d**2 - 2*d**2 + 0 + 3 - 6 + 7*d. Give y(-5).
-3
Let y(u) = u**2 + 6*u + 6. Suppose 2*m + 5*x = 5, -2*m + 4*x - 22 = -0*m. What is y(m)?
1
Suppose 2*b = -0*b + 2. Let g(u) be the second derivative of u**5/20 - u**4/12 + u**2/2 + 2*u. Determine g(b).
1
Suppose -q = 2*q + 3*m - 9, -5*q = -m - 33. Let t(i) = i**2 - 7*i + 1. Determine t(q).
-5
Let f(j) be the first derivative of j**4/4 - 2*j**3 + 2*j - 23. What is f(6)?
2
Let f(j) = -j**3 - 6*j**2 + 3*j. Let g(b) = -b**3 + b - 1. Let x(d) = -f(d) + 2*g(d). What is x(6)?
-8
Let k(f) be the second derivative of f**3/2 + 9*f**2/2 + 36*f. What is k(-7)?
-12
Let n(i) = i**3 - 4*i**2 - 2*i - 2. Suppose 0 = -2*f + 6 + 24. Let s be (1 + -3)/(14/77). Let h = s + f. What is n(h)?
-10
Suppose 0 = -2*d - 5*j - 23, 0 = -d + 3*d + j + 3. Let z(f) = -1. Let y(t) = -10*t + 3. Let k = -2 - -1. Let u(p) = k*y(p) - 2*z(p). Give u(d).
9
Let p(t) be the first derivative of -t**2/2 - 13*t + 11. Calculate p(0).
-13
Let v = -4 - -9. Suppose 0 = v*s - 5*h - 32 + 2, 4*h = -4*s + 24. Let a(c) = -22*c**3 - 3 + 23*c**3 - 8*c**2 + 2*c**2. Give a(s).
-3
Suppose 0 = -0*p + 4*p. Suppose p = -4*h, -3*h + 2 = -4*d + 3*d. Let f(w) = -w**3 + w**2 + w. Determine f(d).
10
Let l(a) = a**2 + 4*a + 3. Let h be l(-3). Let p(q) be the third derivative of -1/12*q**5 + 0*q - q**2 + h + 1/120*q**6 - 7/6*q**3 + 1/12*q**4. Determine p(5).
3
Let o(l) = -l**3 + 2*l**2 + 5*l - 4. Let b be 2 - (4/2 + 2). Let a(u) = u**3 - u**2 - 4*u + 3. Let t(p) = b*o(p) - 3*a(p). Determine t(2).
-9
Let j(m) = 5*m - 2. Suppose 0 = w + 4 - 6. Determine j(w).
8
Let s(w) = w + 2. Let a(t) = -t**3 - 5*t**2 - 3*t + 4. Suppose 2*q = -2*q + 64. Suppose -q = 4*x - 4. Let c be a(x). Determine s(c).
-3
Let h(a) = -3*a**2 - 3 + a + 2 + 2*a**2 + 4*a. Determine h(6).